000 (base 2) to base 5.
-1313
24 (base 15) to base 5
114
What is 1 (base 14) in base 8?
1
What is -b (base 15) in base 16?
-b
Convert -6 (base 10) to base 8.
-6
What is 0 (base 2) in base 11?
0
-1 (base 4) to base 11
-1
What is 100 (base 3) in base 13?
9
-4 (base 13) to base 11
-4
Convert 0 (base 5) to base 12.
0
Convert -100101011 (base 2) to base 4.
-10223
Convert 14 (base 13) to base 15.
12
10011 (base 2) to base 12
17
What is -10111001 (base 2) in base 4?
-2321
2 (base 4) to base 7
2
What is -6 (base 13) in base 4?
-12
-27 (base 9) to base 13
-1c
-11 (base 11) to base 6
-20
What is 5 (base 13) in base 8?
5
8d (base 16) to base 8
215
Convert 61 (base 14) to base 8.
125
What is -6 (base 8) in base 4?
-12
What is -2 (base 8) in base 15?
-2
Convert -10100 (base 2) to base 5.
-40
Convert 1 (base 11) to base 13.
1
1011 (base 3) to base 6
51
-2 (base 16) to base 4
-2
What is 0 (base 16) in base 11?
0
Convert 2201 (base 3) to base 13.
58
-1011 (base 2) to base 10
-11
Convert a (base 11) to base 2.
1010
101212 (base 3) to base 10
293
3 (base 16) to base 2
11
Convert -13 (base 7) to base 6.
-14
Convert 215 (base 7) to base 9.
132
What is -2 (base 5) in base 6?
-2
Convert 0 (base 9) to base 4.
0
-b (base 14) to base 15
-b
What is -5 (base 10) in base 6?
-5
2 (base 7) to base 11
2
What is 7 (base 9) in base 3?
21
e7 (base 16) to base 6
1023
Convert -5 (base 7) to base 2.
-101
Convert 313 (base 5) to base 9.
102
-1 (base 16) to base 15
-1
What is -39 (base 13) in base 8?
-60
Convert 73 (base 8) to base 15.
3e
-5 (base 6) to base 9
-5
0 (base 5) to base 9
0
2 (base 3) to base 13
2
Convert 143 (base 13) to base 3.
22022
-23 (base 13) to base 3
-1002
What is -3 (base 10) in base 3?
-10
Convert -30 (base 7) to base 13.
-18
What is 179 (base 11) in base 6?
543
77 (base 16) to base 4
1313
Convert 7 (base 15) to base 16.
7
-1 (base 10) to base 3
-1
202 (base 3) to base 6
32
What is -2 (base 14) in base 8?
-2
What is 13 (base 12) in base 6?
23
-11 (base 12) to base 14
-d
What is 31 (base 10) in base 3?
1011
What is 8 (base 11) in base 4?
20
48 (base 9) to base 16
2c
What is 5 (base 13) in base 7?
5
Convert 45 (base 8) to base 5.
122
-2 (base 13) to base 14
-2
Convert -204 (base 11) to base 5.
-1441
Convert -12 (base 15) to base 14.
-13
What is 4 (base 5) in base 4?
10
What is -402 (base 6) in base 3?
-12102
4 (base 16) to base 13
4
What is -114 (base 7) in base 16?
-3c
Convert 1e (base 16) to base 4.
132
-212 (base 5) to base 9
-63
1 (base 11) to base 9
1
What is 47 (base 8) in base 6?
103
Convert 27 (base 13) to base 6.
53
What is -3 (base 9) in base 3?
-10
What is 0 (base 3) in base 2?
0
-57 (base 11) to base 5
-222
-138 (base 9) to base 6
-312
-7 (base 9) to base 3
-21
What is -5e (base 16) in base 3?
-10111
What is 26 (base 10) in base 9?
28
Convert 1 (base 4) to base 9.
1
What is -6 (base 14) in base 7?
-6
What is -4 (base 12) in base 3?
-11
What is 17 (base 11) in base 6?
30
5 (base 11) to base 8
5
Convert 131 (base 8) to base 11.
81
Convert -10 (base 13) to base 2.
-1101
What is 4 (base 13) in base 7?
4
Convert -3 (base 14) to base 8.
-3
Convert 1001 (base 2) to base 3.
100
Convert -107 (base 9) to base 2.
-1011000
0 (base 7) to base 13
0
Convert -36 (base 8) to base 10.
-30
-1 (base 4) to base 2
-1
What is 5 (base 12) in base 16?
5
12 (base 9) to base 8
13
-24 (base 14) to base 2
-100000
-15 (base 15) to base 14
-16
Convert 1 (base 5) to base 11.
1
Convert 1 (base 4) to base 15.
1
Convert 3 (base 4) to base 16.
3
Convert -9 (base 14) to base 5.
-14
Convert 5 (base 8) to base 10.
5
What is -106 (base 9) in base 8?
-127
Convert -331 (base 4) to base 12.
-51
Convert 11111111 (base 2) to base 3.
100110
Convert 4 (base 8) to base 7.
4
-87 (base 15) to base 6
-331
What is -6b (base 13) in base 9?
-108
-81 (base 13) to base 15
-70
Convert 1 (base 11) to base 15.
1
Convert 10101001 (base 2) to base 6.
441
-20 (base 10) to base 16
-14
1e (base 15) to base 16
1d
Convert 2 (base 15) to base 11.
2
-c (base 14) to base 12
-10
Convert 176 (base 8) to base 7.
240
Convert -26 (base 9) to base 16.
-18
What is -32 (base 13) in base 6?
-105
-6 (base 13) to base 6
-10
Convert 2 (base 16) to base 8.
2
Convert -20 (base 3) to base 2.
-110
What is 13 (base 4) in base 8?
7
176 (base 9) to base 3
12120
-e (base 15) to base 10
-14
What is 103 (base 4) in base 13?
16
Convert 1 (base 7) to base 14.
1
What is 10 (base 2) in base 5?
2
Convert 1 (base 8) to base 11.
1
What is -132 (base 4) in base 8?
-36
0 (base 13) to base 14
0
What is -b7 (base 12) in base 9?
-164
Convert 3 (base 12) to base 7.
3
Convert 1001 (base 5) to base 11.
105
32 (base 12) to base 8
46
231 (base 4) to base 14
33
0 (base 13) to base 16
0
-23 (base 9) to base 5
-41
What is 48 (base 12) in base 3?
2002
4 (base 11) to base 13
4
What is 2 (base 15) in base 16?
2
-7 (base 11) to base 9
-7
Convert 0 (base 6) to base 7.
0
Convert 1 (base 13) to base 16.
1
What is 13 (base 6) in base 10?
9
-34 (base 6) to base 7
-31
What is -1 (base 5) in base 7?
-1
Convert 11 (base 3) to base 4.
10
Convert 29 (base 15) to base 7.
54
0 (base 7) to base 2
0
43 (base 6) to base 16
1b
What is -6 (base 11) in base 10?
-6
2 (base 15) to base 8
2
What is -30 (base 15) in base 3?
-1200
-100 (base 2) to base 7
-4
-12 (base 6) to base 13
-8
Convert -10 (base 3) to base 8.
-3
Convert 5 (base 15) to base 14.
5
1 (base 11) to base 13
1
Convert -22 (base 14) to base 9.
-33
Convert -2 (base 5) to base 6.
-2
2a (base 15) to base 8
50
-20 (base 4) to base 16
-8
Convert -12 (base 5) to base 9.
-7
-8 (base 13) to base 12
-8
Convert 9 (base 13) to base 2.
1001
What is 10 (base 13) in base 5?
23
Convert -111 (base 5) to base 8.
-37
Convert -2 (base 5) to base 11.
-2
What is 11 (base 2) in base 8?
3
What is -3 (base 7) in base 9?
-3
1a (base 11) to base 4
111
What is -33 (base 5) in base 10?
-18
Convert 10 (base 11) to base 2.
1011
-163 (base 9) to base 14
-9c
Convert -33 (base 8) to base 9.
-30
Convert 100 (base 2) to base 15.
4
What is 12 (base 4) in base 13?
6
What is 0 (base 5) in base 3?
0
-2 (base 8) to base 7
-2
Convert 1 (base 2) to base 6.
1
Convert -100 (base 2) to base 9.
-4
3 (base 13) to base 8
3
What is 0 (base 5) in base 2?
0
What is 19 (base 13) in base 16?
16
Convert -1002 (base 3) to base 10.
-29
1 (base 9) to base 3
1
What is 4 (base 11) in base 9?
4
What is -32 (base 5) in base 8?
-21
6 (base 8) to base 9
6
-123 (base 12) to base 5
-1141
Convert -62 (base 9) to base 4.
-320
Convert -202 (base 7) to base 8.
-144
Convert 3c (base 16) to base 13.
48
What is -19 (base 12) in base 13?
-18
30a (base 11) to base 9
454
-4 (base 11) to base 12
-4
Convert -4 (base 12) to base 4.
-10
What is 4a (base 12) in base 15?
3d
-2 (base 4) to base 10
-2
Convert -5 (base 12) to base 14.
-5
Convert -4 (base 6) to base 3.
-11
Convert -2 (base 10) to base 5.
-2
Convert 87 (base 13) to base 11.
a1
Convert 2a (base 14) to base 8.
46
What is -19 (base 13) in base 7?
-31
What is 222 (base 5) in base 15?
42
Convert 0 (base 11) to base 2.
0
Convert -5 (base 8) to base 10.
-5
11 (base 2) to base 15
3
Convert 9 (base 12) to base 15.
9
What is -14 (base 12) in base 3?
-121
What is -14 (base 11) in base 8?
-17
What is 5 (base 10) in base 9?
5
What is -1240 (base 5) in base 9?
-236
Convert 33 (base 7) to base 6.
40
Convert -1 (base 3) to base 8.
-1
What is -241 (base 5) in base 9?
-78
Convert -5 (base 13) to base 16.
-5
What is b2 (base 12) in base 10?
134
Convert -31 (base 6) to base 4.
-103
Convert -10 (base 4) to base 10.
-4
What is -4 (base 7) in base 13?
-4
What is d (base 15) in base 10?
13
What is 13 (base 5) in base 12?
8
Convert -4 (base 11) to base 16.
-4
Convert -1000 (base 2) to base 16.
-8
Convert 115 (base 7) to base 8.
75
-273 (base 11) to base 10
-322
1 (base 8) to base 12
1
What is 21111 (base 3) in base 16?
ca
121 (base 4) to base 11
23
-212 (base 5) to base 10
-57
What is -253 (base 6) in base 11?
-96
Convert -46 (base 12) to base 14.
-3c
Convert -1 (base 2) to base 9.
-1
What is 7 (base 12) in base 5?
12
10 (base 5) to base 8
5
1 (base 5) to base 11
1
Convert 267 (base 9) to base 14.
11d
What is 132 (base 4) in base 11?
28
What is -102 (base 7) in base 5?
-201
Convert 5 (base 7) to base 5.
10
10 (base 6) to base 15
6
What is -1000011 (base 2) 